15/(-30))/((-2)/(-1124)). Let j = m - -495. What are the prime factors of j?
2, 107
Let u = -161 - -741. What are the prime factors of u?
2, 5, 29
Let h(t) = -31*t - 19 + 28*t - 14. What are the prime factors of h(-17)?
2, 3
Suppose -3*l + 3 = -3. Suppose -5*p - 15 = q - 2*q, -q = l*p - 8. List the prime factors of q.
2, 5
Let j(a) be the second derivative of a**5/10 + a**3/2 - a**2 + 12*a. Let o be j(1). Suppose o*p - 65 + 14 = 0. What are the prime factors of p?
17
Let q(j) = 53*j**2 - j + 2. Suppose 2*i + 5*y - 3*y + 10 = 0, -1 = 2*i - y. What are the prime factors of q(i)?
2, 3
List the prime factors of (-9)/((-54)/9996) + 24/4.
2, 11, 19
Let s = 27 + 50. Suppose 0 = -5*r + 3*l + 11 + s, 0 = -5*r + 2*l + 87. List the prime factors of r.
17
Suppose 3*c - 359 - 1381 = 0. List the prime factors of c.
2, 5, 29
Let o = -176 + 462. List the prime factors of o.
2, 11, 13
Suppose 22*b = 21*b - 69. Let i = b - -101. What are the prime factors of i?
2
Suppose 0 = 10*z - 13*z - 24. Let f be -1 - (1 + z)*1. Suppose f = h + 4. List the prime factors of h.
2
Let c(r) = 0 + 14*r - 1 - 2*r. Let a = 13 + -11. List the prime factors of c(a).
23
Let r be (-4 - -3)/(2/6). What are the prime factors of r*(4 + 327/(-9))?
97
Suppose -10*w - 144625 = -75*w. What are the prime factors of w?
5, 89
Let b(h) = 2*h - 21. Let g be b(-20). Let l = -29 - g. List the prime factors of l.
2
Let d(b) = 8 - b - 2*b + b + b. Let k be d(0). Suppose -k*u - 174 = -11*u. What are the prime factors of u?
2, 29
Suppose 0 = -7*z + 3302 + 11657. Suppose -2252 = -19*d + z. List the prime factors of d.
3, 7, 11
Let p = 29 - 22. Suppose -2*j = 5*n - 580, 2*j - p*j = -2*n + 203. List the prime factors of n.
2, 3, 19
Let q(g) be the first derivative of -7*g**2/2 + 4*g + 1. What are the prime factors of q(-5)?
3, 13
Let c(m) = 14*m**2 + 16*m - 75. What are the prime factors of c(-12)?
3, 11, 53
Suppose 0 = 4*h + w + 11, 3*h - 4*h - 5*w + 21 = 0. List the prime factors of -1 + h/2 + 41.
2, 19
Let h(u) be the third derivative of u**5/30 + 5*u**4/24 - 7*u**3/6 - 8*u**2. What are the prime factors of h(5)?
2, 17
Let o = -6 + -22. Let s = 35 - o. Let v = -35 + s. What are the prime factors of v?
2, 7
Let h = -18 - -21. Suppose 5*a = c + 13, 1 = 3*a + h*c + 4. Suppose 77 = z + a*d, -2*z - 2*d + 35 = -121. What are the prime factors of z?
79
Let h(k) = 7*k**2 + 2*k - 1. Let p be h(1). Suppose -p*s = -4*s + 176. Let f = s + 70. What are the prime factors of f?
2, 13
List the prime factors of 5796/210*200/6.
2, 5, 23
What are the prime factors of -5*4*(-654)/12?
2, 5, 109
Suppose -2*p = -3*t + 8, 0 = 2*p - 3*t + t + 4. Let s be (-1)/(10/(-4) + p). List the prime factors of s*2 - (-5 + -42).
3, 17
Let g = 67 + -63. Suppose 3*q - 291 = 3*i, g*q - i = 58 + 321. List the prime factors of q.
2, 47
Suppose -4*a = -2*a. Let x(h) = -h**2 + 147. What are the prime factors of x(a)?
3, 7
Suppose -5*i + 10 = -l, -3*l + 2*i - 10 = -3*i. Suppose 2*g + 5*s - 79 = l, 2*s = -3*g + 5*s + 108. Suppose -g = -2*p - 3. What are the prime factors of p?
17
Let a = 1222 + 743. List the prime factors of a.
3, 5, 131
Let i(m) be the third derivative of -17*m**4/24 + 10*m**3/3 - 22*m**2. What are the prime factors of i(-9)?
173
Let s be (-2)/12 - (-282)/(-36). What are the prime factors of (s/12 - -1)*30?
2, 5
Let d = -20 + 20. Let i(n) = 10*n**3 - 3 + 5*n**2 + 2*n**2 - 2*n - 9*n**3 + d*n**2. What are the prime factors of i(-7)?
11
Suppose 6*c - 3*c = 12. Suppose -l + 152 = -2*o, 0*l - 586 = -c*l - 3*o. What are the prime factors of l?
2, 37
Let k(x) = -145*x - 241. What are the prime factors of k(-12)?
1499
Let l(f) = -f**2 - 2*f. Let c be l(-2). Suppose 2*o - o - 4 = c. Suppose -3*m + o = -5*m, -2*x = 4*m - 24. List the prime factors of x.
2
Let b = -381 - -1670. What are the prime factors of b?
1289
Let l(a) = a**2 - 2*a + 7. Let u be 1 - 4/1 - -9. Let y be l(u). Suppose -z + y = 9. List the prime factors of z.
2, 11
Suppose -8*j = -23 + 7. Suppose j*l - l = 71. What are the prime factors of l?
71
Let j(p) = p**3 - 9*p**2 + 3*p + 2. Let i be j(8). Let z = i + 62. Let a = z - -29. List the prime factors of a.
53
List the prime factors of (-3 + 4 - -386) + (-6)/3.
5, 7, 11
Let t = 3034 + -549. What are the prime factors of t?
5, 7, 71
Let o(g) = 11*g - 5. Let f(u) = -12*u + 5. Suppose -2*b = -2*d - 2 + 8, -3*d = -2*b - 10. Let t(h) = d*o(h) + 3*f(h). What are the prime factors of t(2)?
11
Suppose -4*i + o = -361, 0 = 2*i - 3*o + 36 - 229. Let x(w) = -w**3 + w**2 - 64. Let a be x(0). Let z = i + a. What are the prime factors of z?
5
Let a(u) = -u**2 + 7*u - 1. Let p be a(6). Suppose p = -5*x, 0 = o + o + 5*x - 41. Let t = -1 + o. What are the prime factors of t?
2, 11
Suppose -10 = -2*y, -5*k + y + 26 = 126. Suppose 9*n = 11*n + 42. Let c = k - n. What are the prime factors of c?
2
Suppose 5*c = 3*m + 5597, -1358 - 1999 = -3*c + 3*m. Suppose -4*p - c = -9*p - 5*k, 2*p + 5*k = 448. List the prime factors of p.
2, 7
Let j(i) be the second derivative of i**3 - 7*i**2/2 + 2*i. Let o = -412 + 419. What are the prime factors of j(o)?
5, 7
Let u = -32 + 79. List the prime factors of u.
47
Let b be (4 + 6)/((-2)/(-1)). Suppose 4*q - 5*q = -b. Suppose -q*o + 18 = -22. What are the prime factors of o?
2
Suppose -2*w = -j, -5*w - j = j - 18. Suppose 0*a - w*a = 6. What are the prime factors of (2 - -21) + (-1 - a)?
5
Let u = -104 - -43. Let z = -57 - u. List the prime factors of z.
2
Let j be (-52)/16 - 1/(-4). Let f be j - 536/(-2 - 2). Suppose 5*z = f + 24. List the prime factors of z.
31
Suppose 0 = 4*z - 1932 - 1288. List the prime factors of z.
5, 7, 23
What are the prime factors of (-4 + 1)/12 - (-11805)/20?
2, 5, 59
Suppose -22*s = -46*s + 792. List the prime factors of s.
3, 11
Let d(i) = 2*i**2 + 3*i - 2. Let t be d(-8). List the prime factors of t + (-1 - -2) + -1 + 0.
2, 3, 17
Suppose 48 = -4*a + 4*m, -5*a - m - 44 = 2*m. Suppose -4*h - 200 = -5*y + 140, -4*y + 3*h + 273 = 0. Let v = y + a. List the prime factors of v.
2, 31
Suppose -31*r + 26*r = -j - 4034, -4*j + 4039 = 5*r. What are the prime factors of r?
3, 269
Suppose -3*p + 42*t + 1219 = 37*t, -1207 = -3*p - t. List the prime factors of p.
13, 31
Let t(j) = -2*j**3 - 10*j**2 - 2*j + 30. What are the prime factors of t(-6)?
2, 3, 19
Let p be 10/15*(3 + 3). List the prime factors of 1960/15 - -2*p/(-12).
2, 5, 13
Let m be (-1 + 8/1)/(-1). Let g(o) be the third derivative of -o**4/12 + o**3/2 + 41*o**2. What are the prime factors of g(m)?
17
Suppose -5*c - 10 = -4*m - m, -4*m + 5 = -5*c. What are the prime factors of 3*(-3)/6*(-154)/c?
7, 11
Let h(s) = 279*s + 222. What are the prime factors of h(5)?
3, 7, 11
Suppose -4*o + 4 = -5*x, -3*x = -5*o + 4 + 1. Suppose 10*z - 4*z - 1152 = x. Suppose 3*s + z = 7*s. List the prime factors of s.
2, 3
Let n(d) = 5*d + 6. Let f(v) = -6*v - 5. Let b(q) = -6*f(q) - 7*n(q). Let j be b(16). Suppose 0 = -j*p + 119 + 177. What are the prime factors of p?
2, 37
List the prime factors of (30 - (1 + -8))/((-2)/(-80)).
2, 5, 37
Let j(a) = 14*a**2 - 31*a + 19. What are the prime factors of j(5)?
2, 107
Let m = -1360 - -2208. What are the prime factors of m?
2, 53
Let h(c) = 8*c**2 - 13*c + 32. Let f = -35 + 41. List the prime factors of h(f).
2, 11
What are the prime factors of ((-57440)/(-400))/(-1*2/(-20))?
2, 359
Let p = -54 - -34. Let q = p - -24. What are the prime factors of q/6 + (-128)/(-24)?
2, 3
Let c(k) = -88*k**2 + 8*k - 5. Let n(t) = 89*t**2 - 9*t + 6. Let q(p) = -7*c(p) - 6*n(p). What are the prime factors of q(1)?
79
Suppose 0 = 5*p + 2*c - 19375, -4*p - 9*c = -8*c - 15497. List the prime factors of p.
3, 1291
Let v be 12/(-14)*(-980)/4. Suppose 3*w - 5*w + 4*d = -v, -2*d = 5*w - 525. What are the prime factors of w?
3, 5, 7
Suppose 7 = -6*d + 7*d. Suppose -s + d - 1 = 0. Suppose 4*o + 2*p - 252 = s*p, 5*p = 0. List the prime factors of o.
3, 7
Let a = 936 - 335. What are the prime factors of a?
601
Let w = -444 + 447. Let k be 1*-5*116/(-5). Suppose 2*q - i = -q + k, w*i - 120 = -3*q. What are the prime factors of q?
3, 13
Suppose 5*r - 69 = -4*w, -4*r = 2*w - 8 - 52. Let y = 132 - r. List the prime factors of y.
5, 23
Let j = -28 - -24. Let z be ((-1272)/36)/(j/(-18)). What are the prime factors of (z/(-9))/(2/6)?
53
Suppos